he remainder when 1813 is divided by 1.
0
Calculate the remainder when 1021 is divided by 198.
31
What is the remainder when 4550 is divided by 16?
6
What is the remainder when 269 is divided by 46?
39
Calculate the remainder when 8247 is divided by 3.
0
What is the remainder when 148 is divided by 25?
23
Calculate the remainder when 54277 is divided by 23.
20
What is the remainder when 370 is divided by 18?
10
Calculate the remainder when 45 is divided by 45.
0
What is the remainder when 537 is divided by 43?
21
What is the remainder when 168 is divided by 17?
15
Calculate the remainder when 636 is divided by 71.
68
What is the remainder when 3642 is divided by 158?
8
Calculate the remainder when 64 is divided by 35.
29
Calculate the remainder when 162 is divided by 110.
52
Calculate the remainder when 466 is divided by 115.
6
What is the remainder when 1243 is divided by 210?
193
What is the remainder when 247 is divided by 8?
7
Calculate the remainder when 500 is divided by 60.
20
Calculate the remainder when 15436 is divided by 359.
358
What is the remainder when 959 is divided by 12?
11
Calculate the remainder when 92 is divided by 33.
26
Calculate the remainder when 10618 is divided by 10.
8
Calculate the remainder when 761 is divided by 151.
6
What is the remainder when 503 is divided by 101?
99
Calculate the remainder when 445 is divided by 16.
13
Calculate the remainder when 9449 is divided by 54.
53
Calculate the remainder when 346 is divided by 25.
21
What is the remainder when 944 is divided by 28?
20
Calculate the remainder when 43314 is divided by 52.
50
What is the remainder when 527 is divided by 114?
71
Calculate the remainder when 2798 is divided by 25.
23
What is the remainder when 293 is divided by 62?
45
Calculate the remainder when 254 is divided by 134.
120
Calculate the remainder when 790 is divided by 33.
31
Calculate the remainder when 283 is divided by 97.
89
What is the remainder when 2803 is divided by 31?
13
Calculate the remainder when 6001 is divided by 1995.
16
Calculate the remainder when 6861 is divided by 78.
75
What is the remainder when 2241 is divided by 39?
18
What is the remainder when 446 is divided by 62?
12
Calculate the remainder when 199 is divided by 63.
10
What is the remainder when 494 is divided by 30?
14
Calculate the remainder when 1436 is divided by 8.
4
What is the remainder when 10489 is divided by 122?
119
Calculate the remainder when 164 is divided by 44.
32
What is the remainder when 268 is divided by 132?
4
Calculate the remainder when 318 is divided by 58.
28
What is the remainder when 139947 is divided by 118?
117
Calculate the remainder when 1445 is divided by 129.
26
What is the remainder when 723 is divided by 121?
118
What is the remainder when 657 is divided by 44?
41
What is the remainder when 310 is divided by 64?
54
Calculate the remainder when 79 is divided by 39.
1
Calculate the remainder when 55 is divided by 5.
0
Calculate the remainder when 899 is divided by 41.
38
Calculate the remainder when 143 is divided by 67.
9
Calculate the remainder when 2985 is divided by 36.
33
Calculate the remainder when 107 is divided by 106.
1
What is the remainder when 5355 is divided by 38?
35
Calculate the remainder when 905 is divided by 255.
140
What is the remainder when 394 is divided by 139?
116
What is the remainder when 510 is divided by 146?
72
What is the remainder when 699 is divided by 233?
0
What is the remainder when 369 is divided by 94?
87
Calculate the remainder when 718 is divided by 403.
315
What is the remainder when 452 is divided by 8?
4
What is the remainder when 1247 is divided by 1220?
27
What is the remainder when 70 is divided by 53?
17
Calculate the remainder when 46959 is divided by 80.
79
Calculate the remainder when 7712 is divided by 17.
11
What is the remainder when 77 is divided by 17?
9
Calculate the remainder when 1628 is divided by 32.
28
Calculate the remainder when 986 is divided by 324.
14
Calculate the remainder when 466 is divided by 47.
43
Calculate the remainder when 428 is divided by 54.
50
What is the remainder when 432 is divided by 25?
7
Calculate the remainder when 202 is divided by 82.
38
Calculate the remainder when 1294 is divided by 14.
6
Calculate the remainder when 5975 is divided by 9.
8
Calculate the remainder when 777 is divided by 26.
23
What is the remainder when 2639 is divided by 55?
54
What is the remainder when 77 is divided by 39?
38
Calculate the remainder when 1062 is divided by 318.
108
Calculate the remainder when 9894 is divided by 180.
174
What is the remainder when 653 is divided by 16?
13
What is the remainder when 137 is divided by 47?
43
Calculate the remainder when 1631 is divided by 38.
35
What is the remainder when 1020 is divided by 14?
12
What is the remainder when 331 is divided by 76?
27
Calculate the remainder when 693 is divided by 335.
23
What is the remainder when 16761 is divided by 127?
124
What is the remainder when 125 is divided by 19?
11
Calculate the remainder when 553 is divided by 111.
109
Calculate the remainder when 2941 is divided by 266.
15
What is the remainder when 7287 is divided by 50?
37
Calculate the remainder when 148 is divided by 51.
46
Calculate the remainder when 214 is divided by 62.
28
Calculate the remainder when 385 is divided by 156.
73
What is the remainder when 89 is divided by 18?
17
What is the remainder when 2798 is divided by 399?
5
Calculate the remainder when 81 is divided by 14.
11
What is the remainder when 4955 is divided by 42?
41
Calculate the remainder when 767 is divided by 362.
43
What is the remainder when 1258 is divided by 69?
16
What is the remainder when 4180 is divided by 378?
22
What is the remainder when 1264 is divided by 6?
4
What is the remainder when 680 is divided by 222?
14
What is the remainder when 387 is divided by 25?
12
What is the remainder when 903 is divided by 9?
3
Calculate the remainder when 659 is divided by 73.
2
Calculate the remainder when 227 is divided by 95.
37
What is the remainder when 1444 is divided by 131?
3
What is the remainder when 88 is divided by 30?
28
What is the remainder when 96 is divided by 33?
30
What is the remainder when 311 is divided by 157?
154
What is the remainder when 23 is divided by 7?
2
Calculate the remainder when 193 is divided by 49.
46
Calculate the remainder when 943 is divided by 231.
19
What is the remainder when 659 is divided by 61?
49
What is the remainder when 240 is divided by 144?
96
What is the remainder when 6355 is divided by 159?
154
What is the remainder when 86 is divided by 24?
14
Calculate the remainder when 11 is divided by 5.
1
What is the remainder when 95 is divided by 32?
31
Calculate the remainder when 786 is divided by 79.
75
What is the remainder when 1515 is divided by 105?
45
What is the remainder when 566 is divided by 19?
15
Calculate the remainder when 274 is divided by 92.
90
What is the remainder when 109 is divided by 46?
17
What is the remainder when 38932 is divided by 62?
58
What is the remainder when 67 is divided by 26?
15
Calculate the remainder when 170 is divided by 84.
2
Calculate the remainder when 78 is divided by 29.
20
Calculate the remainder when 59 is divided by 34.
25
What is the remainder when 96 is divided by 54?
42
What is the remainder when 227 is divided by 47?
39
Calculate the remainder when 588 is divided by 58.
8
What is the remainder when 521 is divided by 84?
17
Calculate the remainder when 195 is divided by 70.
55
What is the remainder when 129 is divided by 36?
21
What is the remainder when 121 is divided by 23?
6
Calculate the remainder when 672 is divided by 330.
12
Calculate the remainder when 343 is divided by 58.
53
Calculate the remainder when 398 is divided by 57.
56
What is the remainder when 254 is divided by 27?
11
What is the remainder when 221 is divided by 34?
17
What is the remainder when 135 is divided by 37?
24
What is the remainder when 769 is divided by 77?
76
What is the remainder when 1552 is divided by 111?
109
What is the remainder when 59 is divided by 4?
3
Calculate the remainder when 331 is divided by 3.
1
Calculate the remainder when 912 is divided by 121.
65
Calculate the remainder when 2053 is divided by 